**3 - 51*k**2 - 2*k - 107. Let g be n(-51). Let i(l) = -3*l - 10. Calculate i(g).
5
Let c(u) = -4*u - 10. Suppose 0 = 2*g + 4*k + 32, -5*k - 19 = 2*g + 16. Give c(g).
30
Let p(j) = -2*j - 3. Let u be (-18)/(-5) + (-34)/(-85). Suppose -u*s = 2*q + 14, -q + 2*s - 10 = 7*s. What is p(q)?
7
Let p(u) = -4*u**3 - u**2 - 5*u - 7. Let n(t) = 5*t**3 + 2*t**2 + 5*t + 7. Let a(w) = 5*n(w) + 6*p(w). Let x = 762 - 767. Calculate a(x).
-7
Let j(g) = -g + 5*g + 3*g + g**2 + 3. Let o be 2 + -1*2*4. Let h = o + 2. Give j(h).
-9
Let q(m) = 3*m**2 - 2*m + 2. Let z(d) be the first derivative of d**4/4 - 4*d**3/3 + 5*d**2/2 - 3*d - 2. Let n be z(3). Suppose -x + 8 = n*x. Give q(x).
10
Suppose -12 = -2*v - 3*f, 0 = 930*v - 926*v + 2*f. Let o(n) = 2*n + 8. Let k(a) = a + 4. Let h(i) = -7*k(i) + 4*o(i). Calculate h(v).
1
Let t(r) = -r**2 + 5*r + 5. Suppose 12*p + 3 = 11*p. Let z(m) = m**3 + 3*m**2 - m + 2. Let u be z(p). Determine t(u).
5
Let z(k) be the second derivative of 1/3*k**3 + 0 + 5*k + k**2. Calculate z(3).
8
Suppose -a = -5*u + 20, 13 = -5*u - 2*a + 18. Let j(b) = 6*b - 7. Calculate j(u).
11
Let g(w) = -w**3 - 6*w**2 + 3. Suppose -s + 15 = 4*s. Let r be s - (-5)/(20/(-24)). Let k be 5*(63/(-15) - r). Calculate g(k).
3
Let r be 7/21 + (-17)/(-3). Let d(w) = 6*w - 8 + r + 0*w**2 - 2*w**2. Suppose -3*o - 11 = -23. Determine d(o).
-10
Suppose -5*w - 19 = 3*b + 1, 3*b - w = 4. Let i(z) be the second derivative of -z**4/12 - z**3/6 - 4*z**2 + 3*z + 85. Calculate i(b).
-8
Let p(h) = -h**3 + 4*h**2 + 7*h - 5. Let b = 271 + -266. What is p(b)?
5
Let l(h) = -17 + 129*h**2 + 137*h**2 - 12*h - 267*h**2. Calculate l(-10).
3
Let i(o) = -o + 2. Let n(f) = -7*f + 21. Let m(p) = -6*i(p) + n(p). Determine m(3).
6
Let g(h) be the third derivative of h**6/60 + h**4/6 - h**3/2 - 7*h**2. Let q(c) = c**3 - c**2 + 4*c - 2. Let x(u) = -2*g(u) + 3*q(u). Calculate x(-4).
0
Let l(i) = -7*i - 1. Suppose 0 = 2*h + 13 - 3. Let f = h + 7. Determine l(f).
-15
Let p(n) = 1125*n - 2270*n + 21*n**2 + 2 + 1123*n + n**3. Calculate p(-22).
2
Let i(y) be the first derivative of y**3/3 - 9*y**2/2 - 14*y - 78. Determine i(9).
-14
Let l(v) = -2*v**2 - 2*v - 10. Let c(k) = k**2 + k + 5. Let w(f) = -5*c(f) - 3*l(f). Let q be 3 + (-3 - -2) - 2. Determine w(q).
5
Let b(q) be the second derivative of 5/2*q**2 + 0 + 2*q + 1/3*q**3. Determine b(-7).
-9
Let i(r) = 4*r + 2. Let n(k) = k. Let w be 2 + (100/(-5))/4. Let p(x) = w*n(x) + i(x). Give p(0).
2
Let k = -1 + 4. Let o(p) = -36*p - 14. Let y(z) = 13*z + 5. Let a(g) = 8*o(g) + 22*y(g). Give a(k).
-8
Let c(j) be the first derivative of 5*j**4/4 - 4*j**3/3 + j**2/2 - 7*j + 20. Let m(x) = -7*x**3 + 6*x**2 - 2*x + 11. Let o(p) = -8*c(p) - 5*m(p). What is o(-1)?
6
Let w(m) = 8*m**2 - 7*m - 4. Let y(x) = -17*x**2 + 16*x + 8. Let i(u) = -13*w(u) - 6*y(u). Give i(-5).
-21
Let b = 28 - -14. Let p(c) = -18*c + b*c - 2*c**3 - 19*c + c**2 + 2 - 4*c**2. Calculate p(-3).
14
Suppose -10*h = -12*h + 18. Let n be (10/30)/(1/h). Suppose 16 = -n*j - 2. Let s(q) = q + 7. Determine s(j).
1
Let d(z) = -7*z + 225*z**2 + 0*z - 2*z - 9 - 111*z**2 - 112*z**2. Give d(7).
26
Let p(b) be the third derivative of -4*b**2 - 1/3*b**3 - 1/8*b**4 + 0*b + 0. Give p(4).
-14
Let l(t) = 2*t**2 + 5. Let p(x) = -3*x**2 - 6. Let i(g) = 7*l(g) + 6*p(g). Suppose -51*q = -55*q + 16. Suppose 2*u + 6 = q. What is i(u)?
-5
Let c(p) = 10*p - 3 - 5 - 12*p - 9 + 0. Calculate c(-6).
-5
Let b(x) = -7*x + x**2 - 5*x**3 - 2 + 5*x**2 - 2. Let c(h) = h**3 - h**2 + h + 1. Let s be 0 - (-3 + 2/1). Let w(j) = s*b(j) + 6*c(j). Calculate w(0).
2
Let y be ((-2)/(-3))/((-1)/(-201)). Let r be (-14)/(-77) - y/11. Let s = r + 18. Let j(l) = l**3 - 7*l**2 + 6*l - 4. Calculate j(s).
-4
Suppose 0*d = 2*d - 5*t + 90, 0 = 4*d + 2*t + 156. Let y = d - -39. Let n(p) = -10*p**2. What is n(y)?
-10
Let y(d) = -3*d - 21. Let x be y(-12). Let a be ((-4)/4)/((-1)/x). Let s(l) = 7 - 12*l + 11*l - a. Calculate s(0).
-8
Suppose 4*m + 4 = -16. Let j(y) = -y - 32 + 58 - 32. Give j(m).
-1
Let d(u) = u**2 - 3*u - 1. Let w(x) = 6*x + 2 + 1 + 0 + 4. Let o be w(3). Suppose -5*q + 4*l + o = 0, 6*l - 3*l + 10 = 2*q. What is d(q)?
9
Let w(x) be the second derivative of x**6/720 + x**5/30 + x**4/2 - 14*x. Let k(l) be the third derivative of w(l). Give k(-5).
-1
Let a(o) = -o**3 + 3*o**2 + 3*o - 2. Suppose k - 10 = -4. Let c be ((-4)/8)/((-3)/k) - -2. Calculate a(c).
7
Let h(y) = y**2 - 17*y - 17. Let n be h(8). Let l = n - -86. Let t(v) = -v + 2. What is t(l)?
5
Let p(c) = c + 8. Let m = -243 - -243. Give p(m).
8
Let t(x) = -x**3 + 8*x**2 - 10*x. Suppose -5 = -m, 141*f + 3*m - 40 = 136*f. Determine t(f).
25
Let u(q) = -4*q + 8*q - 10*q + 0*q + 4*q - 3. Calculate u(0).
-3
Let u(v) = -459 + 59*v**3 - 58*v**3 + 7*v**2 + 2*v + 455. Calculate u(-6).
20
Let l(z) = -z + 4*z + 0 - z**3 + z**2 + 1 - 6*z + 2*z**2. Give l(2).
-1
Let g(s) = s**2 + s - 15. Let f be 0*3*(-6)/54. Determine g(f).
-15
Let q(n) = 4*n**3 + 2*n**2 - 1. Let z(i) = -i + 4. Let c be z(2). Suppose -k - 24 = c*u, 59 = -5*u - 0*k - 3*k. Let y = u - -12. Determine q(y).
-3
Let x = -24 + 27. Let h(w) = -x*w**2 + 3*w + w**3 - 7*w - 7*w**2 + 7*w**2. Suppose -4*d + 14 = -2. Calculate h(d).
0
Let z(q) be the third derivative of -q**6/720 + 7*q**5/120 - q**4/24 - 10*q**2. Let h(m) be the second derivative of z(m). What is h(5)?
2
Let y(t) = 5 + 6 - 18 + 13 - 2*t. Suppose 2*z - 3*o = -6, 2*z + 25 = -3*z + 5*o. Let k = -5 - z. Determine y(k).
-2
Let u(w) = -w**2 - 2*w - 4. Let a be (-2 - -2) + -2 - 4. Let k be (14/5 + -4)/(a/(-20)). Determine u(k).
-12
Let c(a) = -2*a**2 - 37*a + 63. Let v be c(-20). Let h(k) = -5*k + 15. Calculate h(v).
0
Let b be (-2)/(-9) - 4396/(-63). Let d be -2*(b/(-4))/(-5). Let l(m) = -m**3 - 8*m**2 - 8*m - 7. Calculate l(d).
0
Let f(q) be the second derivative of -q**4/12 + 3*q**3 - 13*q**2 + 246*q - 1. Give f(17).
-9
Suppose 9*u - 74 = -110. Let s(n) = -n**3 - 2*n**2 + 8*n + 10. Determine s(u).
10
Suppose -3*j = -4 - 2. Let b(r) = 3*r + 2*r - r**3 - 3*r**2 + 5*r**j - 3*r**2 + 4. Suppose -5*c + 3*c - 6 = 0. Determine b(c).
7
Let y(t) be the second derivative of -t**4/12 + t**3/6 + 2*t**2 + t. Suppose 4*d + 2 = 3*l, -4*d + 7*l - 4 = 3*l. Let o be 4/(-1 - 1) - d. What is y(o)?
-8
Let p(z) be the third derivative of z**5/60 + z**4/3 + 5*z**3/2 + 120*z**2. Calculate p(-7).
8
Let w(n) = 34*n**2 - 98*n**2 + 57*n**2 + n**3 - 12 + 9*n. What is w(5)?
-17
Suppose -m + 5 - 3 = 0. Let r be m/(-5) + (324/(-30))/3. Let z(d) = 3*d - 4. Give z(r).
-16
Let h(q) = q**3 - 2*q**2 + 2*q - 10. Let d be h(3). Let z(x) = x**2 - 6*x + 3. Give z(d).
-2
Let b(t) = -83*t**2 + 3*t - 9*t - 5 + 82*t**2. Calculate b(-6).
-5
Suppose 0 = -4*u - 0 + 8. Let h(l) = -5*l + 33 + l**u - 33. Calculate h(7).
14
Let n(s) be the third derivative of -s**5/60 - 17*s**4/24 - s**3 + s**2. Let v be n(-16). Let z(x) = -x + x**3 - 5*x**2 - 3 + 0*x - 9*x**2 + v*x**2. Give z(5).
17
Let q(n) = -n**3 + 2*n**2 + 3*n - 2. Let x be q(2). Suppose -2*z - x*y = -20 + 4, 3*z = 3*y - 3. Let o(c) = -96*c**2 + 2 + 93*c**2 - z - 3*c. Give o(-2).
-6
Let v be 3/(-2)*2/1. Let o(g) be the third derivative of -g**5/120 + 2*g**3 + 9*g**2. Let r(u) be the first derivative of o(u). What is r(v)?
3
Let d(t) = 13*t**2 + 31*t - 24. Let m(u) = 4*u**2 + 10*u - 7. Let v(y) = 3*d(y) - 10*m(y). Suppose -5*f = -4*l + 38, 5*f - 3*l - 18 = -54. Give v(f).
4
Let m be 1 + 1*1/(-1). Let v(f) = -1 + f - 3 + m. Let z(n) = -n**2 + 4*n + 45. Let u be z(-5). What is v(u)?
-4
Let n(c) be the second derivative of -c**5/60 + c**4/8 - c**3/6 + 4*c**2 + 13*c. Let j(w) be the first derivative of n(w). What is j(2)?
1
Suppose 2*u + u + 22 = 2*z, 3*u + 38 = -2*z. Let p be (5/u)/((-2)/10)*-2. Let v(k) = -k**2 - 5*k + 2. Determine v(p).
2
Let l(w) = w**3 - w - 4. Let p be l(2). Let f(z) = -6*z**2 + 4*z - 3. Calculate f(p).
-19
Let u = -62 + 98. Let t = 36 - u. Let m(o) = -o**2 - o - 1. Calculate m(t).
-1
Suppose 2*t + 49 = 4*i + t, 4*i + 5*t = 19. Let y be (-9 + i)*(1 + 1). Let a(v) be the third derivative of v**4/24 - v**3/3 + v**2. Determine a(y).
2
Let a(z) be the third derivative of z**6/120 + 7*z**5/60 + 7*z**4/24 + 2*z**3/3 - 157*z**2. Give a(-6).
-2
Suppose -8*x + 13*x + 20 = 0, -x = -v - 2. Let y(l) be the third derivative of l**6/120 + l**5/12 - l**4/4 + 5*l